culate the remainder when 822048 is divided by 1137.
1134
Calculate the remainder when 10679 is divided by 6.
5
What is the remainder when 249198 is divided by 28?
26
What is the remainder when 9159 is divided by 19?
1
What is the remainder when 5692 is divided by 73?
71
Calculate the remainder when 13673 is divided by 6760.
153
What is the remainder when 13541 is divided by 663?
281
Calculate the remainder when 11804 is divided by 3934.
2
What is the remainder when 400454 is divided by 11778?
2
What is the remainder when 71049 is divided by 94?
79
What is the remainder when 13028 is divided by 5?
3
Calculate the remainder when 2338 is divided by 5.
3
Calculate the remainder when 272 is divided by 256.
16
Calculate the remainder when 18506 is divided by 6153.
47
What is the remainder when 1350 is divided by 137?
117
What is the remainder when 3710 is divided by 273?
161
Calculate the remainder when 72106 is divided by 24031.
13
What is the remainder when 175853 is divided by 276?
41
Calculate the remainder when 6004 is divided by 2957.
90
Calculate the remainder when 255731 is divided by 12.
11
Calculate the remainder when 4868 is divided by 369.
71
What is the remainder when 4856 is divided by 2350?
156
What is the remainder when 80560 is divided by 405?
370
Calculate the remainder when 660538 is divided by 12.
10
What is the remainder when 251865 is divided by 278?
275
Calculate the remainder when 115665 is divided by 10.
5
Calculate the remainder when 81677 is divided by 21.
8
What is the remainder when 43501 is divided by 14415?
256
Calculate the remainder when 58727 is divided by 32.
7
What is the remainder when 58740 is divided by 206?
30
Calculate the remainder when 7965 is divided by 622.
501
Calculate the remainder when 12464 is divided by 200.
64
What is the remainder when 19465 is divided by 99?
61
Calculate the remainder when 1550357 is divided by 10.
7
Calculate the remainder when 367006 is divided by 2.
0
What is the remainder when 1349 is divided by 378?
215
Calculate the remainder when 31746 is divided by 3173.
16
What is the remainder when 14165 is divided by 26?
21
What is the remainder when 569 is divided by 503?
66
What is the remainder when 1803 is divided by 1586?
217
Calculate the remainder when 21211 is divided by 46.
5
Calculate the remainder when 2685 is divided by 43.
19
Calculate the remainder when 736 is divided by 140.
36
Calculate the remainder when 1300 is divided by 194.
136
Calculate the remainder when 77995 is divided by 3.
1
Calculate the remainder when 5201 is divided by 1729.
14
Calculate the remainder when 31388 is divided by 299.
292
What is the remainder when 833372 is divided by 193?
191
Calculate the remainder when 18044 is divided by 2375.
1419
Calculate the remainder when 6941 is divided by 629.
22
What is the remainder when 83163 is divided by 7?
3
Calculate the remainder when 2822 is divided by 190.
162
Calculate the remainder when 1699 is divided by 182.
61
What is the remainder when 145985 is divided by 109?
34
What is the remainder when 6323 is divided by 2475?
1373
What is the remainder when 9217 is divided by 319?
285
Calculate the remainder when 162847 is divided by 81421.
5
What is the remainder when 4922 is divided by 127?
96
What is the remainder when 47918 is divided by 106?
6
What is the remainder when 904 is divided by 128?
8
What is the remainder when 29392 is divided by 562?
168
What is the remainder when 117836 is divided by 29448?
44
What is the remainder when 4292 is divided by 43?
35
What is the remainder when 5616 is divided by 1361?
172
What is the remainder when 9434 is divided by 126?
110
What is the remainder when 4518 is divided by 55?
8
Calculate the remainder when 171740 is divided by 34343.
25
Calculate the remainder when 12353 is divided by 42.
5
Calculate the remainder when 380857 is divided by 4279.
26
Calculate the remainder when 4335434 is divided by 6.
2
Calculate the remainder when 36216 is divided by 2263.
8
What is the remainder when 1715 is divided by 213?
11
Calculate the remainder when 21013 is divided by 638.
597
What is the remainder when 2101 is divided by 348?
13
Calculate the remainder when 3374 is divided by 134.
24
Calculate the remainder when 3838 is divided by 1229.
151
What is the remainder when 4647 is divided by 50?
47
What is the remainder when 23814 is divided by 397?
391
Calculate the remainder when 4133 is divided by 330.
173
Calculate the remainder when 20306 is divided by 175.
6
What is the remainder when 7431 is divided by 355?
331
What is the remainder when 9167 is divided by 9?
5
Calculate the remainder when 29573 is divided by 186.
185
Calculate the remainder when 16305 is divided by 86.
51
Calculate the remainder when 6867 is divided by 177.
141
What is the remainder when 721 is divided by 181?
178
What is the remainder when 44891 is divided by 73?
69
What is the remainder when 37896 is divided by 14?
12
What is the remainder when 2872 is divided by 652?
264
Calculate the remainder when 26259 is divided by 95.
39
Calculate the remainder when 26882 is divided by 6.
2
Calculate the remainder when 36044 is divided by 1214.
838
Calculate the remainder when 521321 is divided by 42.
17
Calculate the remainder when 9734 is divided by 98.
32
Calculate the remainder when 42092 is divided by 9.
8
What is the remainder when 727 is divided by 295?
137
What is the remainder when 86601 is divided by 43259?
83
Calculate the remainder when 54361 is divided by 7.
6
What is the remainder when 82593 is divided by 122?
121
What is the remainder when 7354659 is divided by 861?
858
Calculate the remainder when 8958 is divided by 6.
0
What is the remainder when 122309 is divided by 270?
269
Calculate the remainder when 1192511 is divided by 18.
11
What is the remainder when 115017 is divided by 284?
281
Calculate the remainder when 340 is divided by 63.
25
Calculate the remainder when 106293 is divided by 4251.
18
Calculate the remainder when 47414 is divided by 708.
686
What is the remainder when 2299 is divided by 1692?
607
What is the remainder when 1169646 is divided by 389880?
6
Calculate the remainder when 4624 is divided by 1640.
1344
Calculate the remainder when 21290 is divided by 423.
140
Calculate the remainder when 252010 is divided by 766.
762
What is the remainder when 71901 is divided by 799?
790
Calculate the remainder when 1093 is divided by 843.
250
What is the remainder when 3357 is divided by 76?
13
Calculate the remainder when 243159 is divided by 464.
23
Calculate the remainder when 695340 is divided by 194.
44
What is the remainder when 267465 is divided by 39?
3
What is the remainder when 1494 is divided by 38?
12
Calculate the remainder when 53 is divided by 9.
8
What is the remainder when 5463 is divided by 14?
3
Calculate the remainder when 75551 is divided by 365.
361
What is the remainder when 8910 is divided by 320?
270
What is the remainder when 15423 is divided by 17?
4
Calculate the remainder when 618 is divided by 128.
106
What is the remainder when 135009 is divided by 134?
71
What is the remainder when 1862 is divided by 350?
112
What is the remainder when 3704 is divided by 492?
260
What is the remainder when 288516 is divided by 780?
696
What is the remainder when 18945 is divided by 933?
285
Calculate the remainder when 50429 is divided by 64.
61
What is the remainder when 17488 is divided by 5829?
1
Calculate the remainder when 523486 is divided by 228.
226
Calculate the remainder when 24034 is divided by 747.
130
What is the remainder when 47620 is divided by 15858?
46
Calculate the remainder when 3731 is divided by 496.
259
Calculate the remainder when 4204 is divided by 949.
408
What is the remainder when 2596 is divided by 837?
85
What is the remainder when 9925 is divided by 343?
321
Calculate the remainder when 3485195 is divided by 26.
25
What is the remainder when 82900 is divided by 391?
8
Calculate the remainder when 1003 is divided by 454.
95
Calculate the remainder when 304529 is divided by 245.
239
What is the remainder when 813013 is divided by 537?
532
Calculate the remainder when 7053 is divided by 14.
11
What is the remainder when 285749 is divided by 23807?
65
What is the remainder when 122764 is 